rivative of 5*y + 0*y**2 + 0 - 1/2*y**j. Give m(-5).
15
Let q(d) = 3*d**2 + d + 2. Let z(k) = -5*k + 177. Let b be z(35). What is q(b)?
16
Suppose -5*u - 11*f + 10*f + 18 = 0, -f - 3 = -2*u. Let c(m) be the first derivative of 0*m - 1/3*m**3 - u + m**2. Give c(2).
0
Let z(t) = 2*t**2 + 12*t + 2. Let y = 776 - 782. Determine z(y).
2
Let l(y) be the first derivative of -3*y**2 + 3*y - 520. Give l(3).
-15
Let r(k) = k**2 - 10*k - 2. Suppose -4*m = -3*u - 43, 27 = -9*m + 12*m + 3*u. Calculate r(m).
-2
Let y(n) be the first derivative of 5*n**2 - n - 106. Calculate y(-1).
-11
Let t(c) = 0 - 1 - 6*c + 0 - c**2. Let i be ((-60)/21)/((-4)/14). Suppose -q + 6*v = v - i, 0 = -q + 2*v + 1. Calculate t(q).
4
Let r(k) be the first derivative of -k**2/2 + 4*k - 46. Calculate r(4).
0
Suppose b + q + 3 = -1, 0 = -5*b + 3*q - 44. Let c(g) = -7*g - 35. Let h(y) = -10*y - 52. Let m(p) = -7*c(p) + 5*h(p). Give m(b).
-8
Let x = 2 + -3. Let b(g) = 2*g**2 + 4*g - 3. Let v(p) = p. Let f(t) = x*v(t) + b(t). Determine f(2).
11
Let z = -5 - -3. Let l(m) = m**3 + 88*m**2 + 7 - 4 - 35*m**2 + 2*m - 50*m**2. Determine l(z).
3
Let v(z) = z**2 + 13*z + 18. Suppose m = -3*g - 45, 19*g - 18*g - 3*m = -5. Calculate v(g).
32
Let a(i) = 7*i**3 - i**2 + 6. Let b(o) = -2*o**3 + 4*o**2 - 6. Let n be b(2). Let t(y) = -7*y**3 + y**2 - 7. Let r(d) = n*a(d) - 5*t(d). Give r(-1).
7
Let j(g) = g**2 - 10*g + 9. Let u(o) = -o**2 + 9*o - 8. Let k(a) = 3*j(a) + 4*u(a). Suppose -8*l + 26 + 6 = 0. Give k(l).
3
Let u(z) = -z**3 - 8*z**2 - 19*z - 82. Let n be u(-7). Let x(w) = 8*w - 3. Give x(n).
13
Let t(d) be the first derivative of -9*d**2 + d + 87. Determine t(1).
-17
Let u(o) = 2*o - 3. Let h(m) = -m**2 - 17*m - 42. Let p = 28 - 42. Let v be h(p). What is u(v)?
-3
Let h(w) = 3*w**2 + w - 1. Let q be h(1). Let f(j) = -32*j**2 + 25*j - 4. Let v(s) = 6*s**2 - 5*s + 1. Let m(x) = -2*f(x) - 11*v(x). Give m(q).
-6
Let o(y) be the first derivative of y**2 + 9*y + 41. Calculate o(-7).
-5
Let s = 21 - 28. Let b(v) = -7*v**2 - 3. Let w(q) = 2 + 1 + 6 + 15*q**2 - 4. Let l(g) = s*b(g) - 4*w(g). Give l(1).
-10
Let w(i) = 5*i + 1. Let d = -306 + 307. Calculate w(d).
6
Let v(o) = -9*o**2 - 19. Let a(u) = -7*u**2 - 3*u - 18. Let d(b) = 5*a(b) - 4*v(b). Give d(16).
2
Let i(n) be the third derivative of n**4/12 + 7*n**3/6 - 10*n**2 - n. Give i(-6).
-5
Let i(m) = 6*m - 3. Let t(j) = 2*j - 1. Let d(g) = -i(g) + 5*t(g). What is d(6)?
22
Let u(m) = -m**3 - 5*m**2 + 5*m + 5. Let k(h) = -7*h + 23. Let f be k(5). Let d be (-48)/8 + 0/(-2). Let r = f - d. Calculate u(r).
11
Let m = -807 - -819. Let b(y) = 2*y**2 - 25*y + 14. Determine b(m).
2
Let l(s) = -s**2 - 20*s - 95. Let p be l(-10). Let j(c) = c**3 - 3*c**2 - 11*c. What is j(p)?
-5
Let s(d) = -8*d + 227. Let g be s(29). Let x(v) = -v**2. Let q(a) = -a**3 + 2*a**2 + 3*a + 2. Let p(l) = -q(l) - 6*x(l). What is p(g)?
-12
Let l(u) = -u**2 + 4*u + 11. Suppose 0 = -4*a + 2*i + 28, 0 = 8*i - 13*i - 20. Determine l(a).
6
Suppose -2*k + 4*r = 2*r - 4, 0 = 5*r + 15. Let v(p) = 10*p**2 - 2*p - 2. Let w(m) = m**2 + m + 1. Let x(n) = v(n) + 3*w(n). Calculate x(k).
13
Let o(y) be the second derivative of -5*y**3/6 - 2*y**2 + y. Suppose -112*c - 431 - 17 = 0. Calculate o(c).
16
Let t(l) = -7*l + 8 - 10*l**2 + 11*l**2 - 3 + 3 - 3. Calculate t(7).
5
Suppose -2*f - 2*l = 10, 0 = -5*f + 2*f + 5*l + 25. Let o(b) = b + 18. Determine o(f).
18
Let n(x) = -32*x + 18. Let w(o) = -5*o + 1. Let c(z) = -n(z) + 6*w(z). Give c(15).
18
Let m be ((-1302)/140)/31*(-5)/6. Let o(q) be the second derivative of -m*q**4 + 2*q + 1/6*q**3 + 0 - 1/20*q**5 - 2*q**2. Determine o(-3).
-7
Suppose 20 - 2 = 3*c. Let x(f) be the first derivative of -7/3*f**3 + 7/2*f**2 - 5*f + 1/4*f**4 - 3. Give x(c).
1
Let b(g) = -4*g + 1 - 3 - 1. Let y be b(-2). Let o(c) be the third derivative of -c**4/24 + 5*c**3/6 - 27*c**2 - 39*c. Calculate o(y).
0
Let f be (104/40 - (-4)/10)*(-55)/(-33). Let r(i) be the third derivative of -i**5/60 + i**4/12 + i**3 + i**2. Calculate r(f).
-9
Let j(y) = 2*y**3 + y**2. Let x be (8/28)/(1/7). Let t(l) = 0 + 3 + l + x*l - 5*l. Let s be t(2). Calculate j(s).
-1
Let t(l) = -4*l + 1. Let m = -22 - -15. Let o = 6 + m. Determine t(o).
5
Let o(t) be the second derivative of t**4/12 - t**3/2 + t**2 + 122*t. Give o(-3).
20
Let k be (-21)/49 - -1*(-92)/14. Let s(y) = 2*y + 7. Determine s(k).
-7
Suppose 0 = 4*x - 2*t - 216, -4*t + 5*t = 4. Let b(h) = x*h - 64*h - 6 + 0 - h**2. Determine b(-7).
1
Suppose -3*i = -9*i - i. Suppose -f + 9*f + 40 = i. Let k(z) = 4*z + 1. What is k(f)?
-19
Let y(g) = -2*g - 2. Let k(d) = d**2 - 1. Let q be k(2). Let l = -394 - -394. Suppose 2*w + q + 5 = l. Give y(w).
6
Let c(z) be the first derivative of z**4/4 + 2*z**3/3 - z**2 + 2*z - 70. Let x be 2*(-4 - (-15)/6). Determine c(x).
-1
Suppose 5*p + 18 = 2*h, 11*h + 3 = 12*h - p. Let s(d) = -5*d**3 - 2*d - 1. Calculate s(h).
6
Let c(w) = -5*w**2 + 2*w + 5. Let s(m) = 2*m**2 - 2*m + 1. Let i(z) = -c(z) - 3*s(z). Determine i(4).
-8
Suppose 4*z = 5*p + 54, 0*p - 2*p - 48 = -4*z. Let o(s) = 3*s - s + 10 + z - 20. Suppose -3*l = 13 - 1. Give o(l).
-7
Let f(h) = 2040 - h - 1013 - 1015. Give f(6).
6
Let v be (-4)/((7/4)/7). Let q(j) = -j - 20. Calculate q(v).
-4
Let r(t) be the second derivative of t**5/20 + t**4/6 + t**3/6 + 3*t**2/2 - 5*t + 15. What is r(-4)?
-33
Let c(a) = 4*a - 1. Let q be -7 + 1*8/4. Let z(y) = 3*y. Let g(r) = q*z(r) + 4*c(r). Determine g(0).
-4
Let y(k) be the third derivative of 5*k**4/12 - 2*k**3/3 - 301*k**2. Determine y(1).
6
Let k(o) be the third derivative of -o**7/630 - 2*o**5/15 - 11*o**2. Let a(m) be the third derivative of k(m). What is a(1)?
-8
Let i be 2/(4 + (-40)/12). Let h be 1/((i/9)/(-1)). Let u(t) = 0*t + 4*t + 2*t**2 + 2 - t**2. Determine u(h).
-1
Let l(u) = u**2 - u - 2. Let a = -92 + 53. Suppose -2*t = 3*r + 26, 2*r + t + 3*t + 12 = 0. Let y be (-111)/a + r/(-65). Calculate l(y).
4
Let n(v) = 15*v - 176. Let u be n(14). Suppose -3*c + 3 + 0 = 0. Let d(i) = -c + u*i - 38*i - i**2 - 1. Calculate d(-3).
1
Suppose 0 = -n + 2*n - 6. Suppose -2*x - 1 = -5. Let j(b) = -4 + b**2 + 4*b**2 - 3*b**2 - 5*b + 5*b**x - b**3. What is j(n)?
2
Let r(q) = 14*q - 6. Let p(v) = -6*v + 3. Let x(z) = 5*p(z) + 2*r(z). What is x(4)?
-5
Suppose 0 = 3*i - 2*n + 3*n - 13, 5*i - 5*n = -5. Let b(s) be the first derivative of 1/3*s**3 - 11*s - 9 - i*s**2. What is b(8)?
5
Let s(u) = 5*u + 7. Let h(j) = -10*j - 26. Let f(q) = -q + 1. Let v(z) = 4*f(z) + h(z). Let y(n) = 11*s(n) + 4*v(n). Determine y(-9).
-2
Let t(w) be the third derivative of w**7/840 + 7*w**6/360 + w**5/60 + w**4/12 + 4*w**3 + 13*w**2. Let m(h) be the first derivative of t(h). Calculate m(-7).
-12
Let y(h) = h**2 + 6*h. Let g be (264/9)/(-4) - 16/24. Determine y(g).
16
Let y = -213 + 219. Let w(g) = g**3 - 5*g**2 - 8*g + 6. Calculate w(y).
-6
Let m(q) = -2*q + 3. Let d be (-9)/15*120/(-18). Calculate m(d).
-5
Suppose -25 = -3*o + 3*q + 5, 0 = 2*o + q - 11. Let l(y) = -y**2 + 6*y + 9. Determine l(o).
2
Suppose 0*m - 4 = -4*m + 4*d, -d = 2*m - 11. Let n = -5 + m. Let l(k) = -5*k - 9. Let x(q) = -5*q - 7. Let w(z) = -4*l(z) + 5*x(z). Calculate w(n).
6
Suppose 0 = -3*h - 4*n + 8, 2*h + 0*h - 5*n - 13 = 0. Let u be 2*(-2)/(-4)*1. Let a(r) = -r + 3*r - u + r. Calculate a(h).
11
Suppose 2*g = 14 - 26. Let t(n) = -2*n**2 + 27*n - 9. Let p(a) = -a**2 + 13*a - 4. Let u(d) = g*t(d) + 13*p(d). Calculate u(7).
2
Let b(u) = -4*u + 2. Suppose -7*a - 67 = -81. Give b(a).
-6
Let j(q) = q**3 - q**2 + q - 18. Let h = 49 + -49. Give j(h).
-18
Let t(w) = -w**2 + 4*w + 13. Suppose -41 = -12*f + 43. Give t(f).
-8
Let g(r) = -4*r**3 - 2*r**2 - 6*r + 10. Let d(v) = 5*v**3 + 3*v**2 + 8*v - 9. Let o(q) = -3*d(q) - 4*g(q). What is o(0)?
-13
Let t(x) be the first derivative of 5*x**2 - 6 - 1/3*x**3 - 6*x. Give t(8).
10
Suppose -3*t + 3*p - 13 = -7*t, t = -4*p. Let m(h) = 4*h**2 - t*h**3 + 8*h**3 - 3*h**3 + 2. Calculate m(-4).
2
Let i(m) be the second derivative of -28*m**3/3 + 3*m**2 - 10*m. Let d(a) = 11*a - 1. Let z(j) = 11*d(j) + 2*i(j). Calculate z(-3).
-26
Let f = 1985 - 1985. Let n(z) = z**3 - z**2 + 3*z + 7. What is n(f)?
7
Let w(s) = 11*s - 4. Let b(u) = -13*u + 3. Let d(z) = -5*b(z) - 6*w(z). Calculate d(5).
4
Let w(u) = u**3 + 15*u**2 - 4*u. Let p(t) = -t**3 - 1